2
Let u be (9*(0 - -6))/(3 + -1). Suppose -3*b + 4*h = -u, -3*b + 9 + 18 = -h. Calculate the highest common divisor of 45 and b.
9
Suppose 51 = -2*i + 69. Suppose 5*d = 5*t, -4*t + 2*t - d = -i. Calculate the highest common factor of 33 and t.
3
Let t = -2580 + 2583. What is the highest common factor of 24 and t?
3
Let y(f) = -f**2 - 17*f - 11. Let m be y(-15). Calculate the highest common divisor of m and 1.
1
Let u be 0 - 1/((-2)/884). Calculate the highest common divisor of 26 and u.
26
Suppose 12*s - 19 = 41. Suppose s*r + 144 = d + 2*d, -3*r + 240 = 5*d. What is the greatest common factor of d and 32?
16
Suppose -55 = -2*z + 107. Let g = 286 + -277. Calculate the highest common divisor of g and z.
9
Let x = -2794 + 5955. Calculate the highest common factor of 29 and x.
29
Let r(m) = m**3 - 7*m**2 - 5*m + 9. Let f be r(9). What is the greatest common divisor of f and 98?
14
Let o(z) = 3*z + 32. Let i(h) = -4*h**2 - 3*h + 1. Let j be i(1). Let c be o(j). What is the highest common divisor of 2 and c?
2
Let t(z) = z**3 - 3*z**2 - 5*z + 3. Suppose -6*r + 0*r - 66 = 0. Let w = r + 16. Let u be t(w). Calculate the highest common divisor of 70 and u.
14
Let i be (7/(-3) + -1)*6. Let k be i/(-2) - (-5 - -2). Suppose 2*f + 25 - 155 = 0. Calculate the highest common factor of f and k.
13
Suppose 8*u + 2*u = 80. Let b = -64 - -119. Suppose b + 17 = p. What is the greatest common divisor of p and u?
8
Suppose -j = 3*n - 22, 3*n - j - 16 = 4*j. Let g(o) = o**2 - 16. Let x be g(n). Suppose 3*p - x = -0*p. What is the highest common divisor of p and 77?
11
Let h(w) = -2*w**3 + 49*w**2 + 52*w - 55. Let m be h(25). Calculate the greatest common divisor of m and 496.
124
Let a = -198 + 252. Let g = -109 + 244. What is the highest common factor of a and g?
27
Suppose 0 = -2*x + o + 152, -54 - 25 = -x - o. Calculate the highest common factor of x and 209.
11
Let j(p) = p**3 - 2*p**2 - 5*p - 6. Let l be j(5). Calculate the greatest common divisor of 1 and l.
1
Suppose -5*p - 44 = -9*p. Let i be (-104)/234*(1 + 11/(-2)). What is the highest common factor of p and i?
1
Let i be (-1)/(2/(-4)) + -1. Suppose 0 = -4*m + 3 - 7. Let h be (-3 - (m + 1)) + 4. Calculate the greatest common divisor of h and i.
1
Let j = 4004 + -2423. Calculate the greatest common divisor of 153 and j.
51
Let c = 335 - 327. Calculate the greatest common divisor of c and 40.
8
Let v = 52 + -49. Let n be 7/42 - (-1)/(-6). Let o = n - -3. What is the greatest common factor of o and v?
3
Let p be (-1 + 2)*(-7 + 92)/5. Calculate the greatest common factor of 17 and p.
17
Let g(d) = 283*d - 506. Let k be g(3). What is the highest common factor of 7 and k?
7
Suppose 0 = 5*u + 2 - 42. Calculate the highest common factor of 56 and u.
8
Let k = 3 - -2. Let h(v) = 4*v + 6. Let y be h(2). Let u be k/(5/y) + -4. What is the highest common divisor of 20 and u?
10
Suppose -3*p - 486 = -5*p. Let u = p - 139. What is the highest common divisor of u and 13?
13
Let n be ((-28)/(-12))/((-14)/(-252)). What is the greatest common factor of 483 and n?
21
Suppose 4*a - 2 = -3*u, 0 = 4*u - 5*u - 5*a - 14. Let r = 12 + -10. Suppose -2*y + 4 = r*y + 4*f, -8 = 2*y + 4*f. What is the highest common divisor of u and y?
6
Let i be (-7*152/(-665))/((-4)/(-10)). What is the greatest common factor of i and 652?
4
Let x be 1148/(-21)*6/(-8). What is the highest common factor of 656 and x?
41
Let c(t) = 4*t - 10. Let y be c(4). Suppose 14 - 6 = 2*d, -1 = n - 4*d. What is the greatest common divisor of n and y?
3
Let z(u) = -u**2 - 7*u + 7. Let f be z(-9). Let k = -8 - f. Calculate the highest common divisor of 12 and k.
3
Let x(r) = r**3 - 12*r**2 - 8*r + 19. Let a be x(13). Calculate the greatest common divisor of 108 and a.
12
Let c be (-4)/(-5)*155/2. Suppose u - l = 9, -5*u + 4*l + c = 20. Calculate the greatest common factor of 48 and u.
6
Let y be (-20)/50 - 3*496/30. Let w = 96 + y. What is the highest common divisor of 69 and w?
23
Let t(n) = -n**3 + 15*n**2 - 51*n + 35. Let x be t(10). Calculate the highest common divisor of 1 and x.
1
Let v(w) = 6*w**2 - 40*w - 2. Let i be v(7). Calculate the highest common divisor of i and 39.
3
Suppose o = 2 - 1, 5*t - 5*o - 90 = 0. What is the highest common divisor of t and 627?
19
Suppose 4*m = 4, 726 = 2*c + 2*c - 2*m. Calculate the greatest common divisor of 39 and c.
13
Let n(l) = l**2 - 10*l + 6. Let z be n(12). What is the greatest common divisor of 78 and z?
6
Let z be (27/6)/((-1)/(-2)). Suppose 0 = c - z + 3. What is the highest common divisor of 6 and c?
6
Let k be 9/(77/66 - 1/(-3)). Calculate the highest common factor of k and 3.
3
Let q = 6 + 5. Suppose -3*h + 8 = 5*p - 4*h, 0 = 3*p - 5*h - 18. Let d = q - p. What is the greatest common divisor of 10 and d?
10
Let d = 9 - -24. Let g = d - 24. Calculate the highest common factor of 9 and g.
9
Let l be (-1*(-3)/(-2))/(33/(-176)). Let q be 150/(-9)*(-6)/45*9. Calculate the greatest common factor of q and l.
4
Let a = 338 - 206. What is the greatest common factor of 187 and a?
11
Let t = 24 - 16. Suppose 135 = t*u - 3*u. Suppose l + 2 = u. What is the highest common divisor of l and 275?
25
Let h = 1561 - 1534. Calculate the highest common factor of h and 27.
27
Let l = -2023 + 2278. Calculate the greatest common divisor of l and 45.
15
Let k = 739 - 693. Let o(c) = 5*c**2 - c + 5. Let m be o(5). Suppose r = 2*t + m, -5*r + 544 + 11 = 4*t. What is the greatest common divisor of k and r?
23
Let r(n) = -3*n + 2 - n + 8*n**2 - 7*n**2. Let c be r(4). Suppose 5*d - 1 - 4 = 0, -c*d - 58 = -4*z. Calculate the highest common divisor of z and 10.
5
Let x(h) = 38*h - 339. Let g be x(11). Calculate the highest common divisor of g and 79.
79
Let r(q) = 250*q**3 + q + 1. Let z be r(1). Calculate the greatest common factor of z and 280.
28
Let r be 6320/400 + (-1)/(-5). Suppose 640 = 7*j - 2*j. Calculate the greatest common factor of r and j.
16
Suppose -14*c + 1619 - 611 = 0. What is the highest common factor of c and 180?
36
Let i = 104 - -61. What is the greatest common divisor of 15 and i?
15
Let j = 20 + 21. Suppose 292*z = 260*z + 9184. What is the greatest common factor of z and j?
41
Let j(w) = -5*w**2 + 2*w - 20*w**3 + 6 + 19*w**3 + w + 15*w**2. Suppose 2*h - 25 = -5. Let m be j(h). Calculate the highest common divisor of 4 and m.
4
Suppose 9 + 7 = -4*x. Let i = 8 + x. Suppose 107 + 1 = 4*o + i*r, -2*r = -4. Calculate the highest common factor of o and 25.
25
Let f(q) = -q**2 + 3*q + 68. Let i be f(0). What is the greatest common factor of i and 34?
34
Let z = 542 - 530. What is the highest common divisor of 384 and z?
12
Suppose 2*w + 5*c = w - 7, -15 = 5*c. Suppose 0 = -4*g + 180 + w. Let p = -34 + g. What is the greatest common factor of p and 13?
13
Let p(m) = 2*m**2 + 2*m - 11. Let l be p(3). Let n = l - -41. Calculate the greatest common divisor of 6 and n.
6
Suppose -111*i + 125*i - 1750 = 0. What is the greatest common factor of 10 and i?
5
Let c(w) = 5*w - 10. Let f be c(3). Suppose 25 = 5*y - 3*m, -4*y + f*m + 3 = -4. What is the highest common factor of y and 2?
2
Let s = -75 - -149. Suppose 0 = -2*h + 3*x + x - 76, -3*h + x - 94 = 0. Let v = s - h. Calculate the greatest common factor of v and 13.
13
Suppose 1166 = 17*o + 180. Let z be (0 + (-2)/(-2))*(o - -6). Calculate the greatest common factor of 4 and z.
4
Suppose 0 = -90*l + 91*l - 4. Let r = l + -2. Let g = 6 - 3. What is the highest common factor of g and r?
1
Suppose -97*x + 8750 = -6382. Calculate the greatest common factor of x and 195.
39
Let l = -6251 + 6282. Suppose 0 = 5*m + 2*h - 1075, 2*m + 5*h - 518 = -109. What is the greatest common divisor of l and m?
31
Suppose -3*h = 5*h + 392. Let t = h + 58. Calculate the greatest common divisor of t and 1.
1
Suppose -j = -3*n + 11, 37 = 6*n - n + 3*j. What is the highest common divisor of 5 and n?
5
Suppose -10*m - 3 = -11*m. Suppose -2*z + m*z = 27. What is the greatest common factor of z and 18?
9
Let r = -70 + 70. Suppose 0 = -3*g + 3*c + 94 + 185, g - 2*c - 98 = r. Calculate the greatest common factor of 22 and g.
22
Let i(a) = a**2 - a + 2. Let m be (6 + (-140)/21)/(2/(-12)). Let g be i(m). What is the highest common divisor of 154 and g?
14
Let z(x) = -2*x - 12. Let f = 1 - -3. Suppose -f*j 